{"id":25,"date":"2019-03-06T22:23:12","date_gmt":"2019-03-06T22:23:12","guid":{"rendered":"https:\/\/trouw-droom.nl\/?page_id=25"},"modified":"2020-02-10T15:21:10","modified_gmt":"2020-02-10T14:21:10","slug":"wat-is-onze-droom-2","status":"publish","type":"page","link":"https:\/\/trouw-droom.nl\/","title":{"rendered":"Wat is onze droom?"},"content":{"rendered":"\n<p>Trouwen voor iedereen mogelijk maken. Dus ook voor mensen met een beperking. Dat is \u00f3nze droom. Want die mogen in Nederland nu vaak niet officieel trouwen. Daarom bieden wij symbolische bruiloften voor mensen die nu voor de wet niet mogen trouwen \u00f3f dit niet willen. Want iedereen heeft toch recht op de mooiste dag van zijn of haar leven?<\/p>\n\n\n\n<h2 class=\"wp-block-heading\"><strong>Trouwen met een beperking<\/strong><\/h2>\n\n\n\n<p>Een mooie dag met alles erop en eraan, dat zou toch voor iedereen mogelijk moeten zijn? Ongeacht je beperking. Wij maken het graag mogelijk voor je! Tegen kostprijs! Zodat ook jullie wensen voor &#8216;een grote dag&#8217;&nbsp;&nbsp;eindelijk in vervulling kunnen gaan.&nbsp;<\/p>\n\n\n\n<h2 class=\"wp-block-heading\"><strong>Wij regelen het voor je!&nbsp;<\/strong><\/h2>\n\n\n\n<p>Dromen zijn er om uit te laten komen. Daarom willen we deze dag graag m\u00e8t jullie en v\u00f3\u00f3r jullie verzorgen. Van A tot Z. Van (het uitzoeken van) de kaart tot de trouwjurk en het pak, en van de fotograaf tot de taart voor alle gasten. Welke dromen willen jullie laten uitkomen?\u00a0<\/p>\n\n\n\n<h2 class=\"wp-block-heading\"><strong>Interesse? Dromen, durven, doen!&nbsp;<\/strong><\/h2>\n\n\n\n<p>Wat is jullie droom? Wij horen en helpen je graag! Lees ons <a href=\"https:\/\/trouw-droom.nl\/index.php\/in-5-stappen-trouwen\/\">5 stappenplan<\/a> om te weten wat er allemaal bij trouwen komt kijken of neem direct contact met ons op.\u00a0\u00a0Bellen kan op 06-23 53 35 20 of mail ons via onderstaande knop. <\/p>\n\n\n\n<p><\/p>\n\n\n\n<p class=\"has-text-align-left\"><a href=\"https:\/\/trouw-droom.nl\/index.php\/in-5-stappen-trouwen\/\">In 5 stappen trouwen<\/a>                                          <a href=\"mailto:info@trouw-droom.nl\">Mail ons<\/a><\/p>\n\n\n\n<p><\/p>\n","protected":false},"excerpt":{"rendered":"<p>Trouwen voor iedereen mogelijk maken. Dus ook voor mensen met een beperking. Dat is \u00f3nze droom. Want die mogen in Nederland nu vaak niet officieel trouwen. Daarom bieden wij symbolische bruiloften voor mensen die nu voor de wet niet mogen trouwen \u00f3f dit niet willen. Want iedereen heeft toch recht op de mooiste dag van &hellip; <\/p>\n","protected":false},"author":1,"featured_media":0,"parent":0,"menu_order":0,"comment_status":"closed","ping_status":"closed","template":"","meta":{"footnotes":""},"_links":{"self":[{"href":"https:\/\/trouw-droom.nl\/index.php\/wp-json\/wp\/v2\/pages\/25"}],"collection":[{"href":"https:\/\/trouw-droom.nl\/index.php\/wp-json\/wp\/v2\/pages"}],"about":[{"href":"https:\/\/trouw-droom.nl\/index.php\/wp-json\/wp\/v2\/types\/page"}],"author":[{"embeddable":true,"href":"https:\/\/trouw-droom.nl\/index.php\/wp-json\/wp\/v2\/users\/1"}],"replies":[{"embeddable":true,"href":"https:\/\/trouw-droom.nl\/index.php\/wp-json\/wp\/v2\/comments?post=25"}],"version-history":[{"count":27,"href":"https:\/\/trouw-droom.nl\/index.php\/wp-json\/wp\/v2\/pages\/25\/revisions"}],"predecessor-version":[{"id":460,"href":"https:\/\/trouw-droom.nl\/index.php\/wp-json\/wp\/v2\/pages\/25\/revisions\/460"}],"wp:attachment":[{"href":"https:\/\/trouw-droom.nl\/index.php\/wp-json\/wp\/v2\/media?parent=25"}],"curies":[{"name":"wp","href":"https:\/\/api.w.org\/{rel}","templated":true}]}}